{"id":53,"date":"2026-01-28T22:18:45","date_gmt":"2026-01-28T21:18:45","guid":{"rendered":"https:\/\/www.michalkolek.cz\/?page_id=53"},"modified":"2026-01-28T23:56:29","modified_gmt":"2026-01-28T22:56:29","slug":"web-se-pripravuje","status":"publish","type":"page","link":"https:\/\/www.michalkolek.cz\/","title":{"rendered":"Web se p\u0159ipravuje"},"content":{"rendered":"\t\t<div data-elementor-type=\"wp-page\" data-elementor-id=\"53\" class=\"elementor elementor-53\">\n\t\t\t\t<div class=\"elementor-element elementor-element-876d79c e-con-full e-flex e-con e-parent\" data-id=\"876d79c\" data-element_type=\"container\" data-settings=\"{&quot;background_background&quot;:&quot;classic&quot;}\">\n\t\t\t\t<div class=\"elementor-element elementor-element-5ecbf5a elementor-widget elementor-widget-heading\" data-id=\"5ecbf5a\" data-element_type=\"widget\" data-widget_type=\"heading.default\">\n\t\t\t\t\t<h1 class=\"elementor-heading-title elementor-size-default\">Michal Kolek \u2013 Realitn\u00ed slu\u017eby<\/h1>\t\t\t\t<\/div>\n\t\t\t\t<div class=\"elementor-element elementor-element-db9d4ba elementor-widget elementor-widget-text-editor\" data-id=\"db9d4ba\" data-element_type=\"widget\" data-widget_type=\"text-editor.default\">\n\t\t\t\t\t\t\t\t\t<p data-start=\"295\" data-end=\"474\">Na obsahu webov\u00fdch str\u00e1nek aktu\u00e1ln\u011b pracuji.<br data-start=\"339\" data-end=\"342\" \/>V p\u0159\u00edpad\u011b z\u00e1jmu o prodej, pron\u00e1jem nebo konzultaci v oblasti nemovitost\u00ed m\u011b pros\u00edm kontaktujte prost\u0159ednictv\u00edm n\u00ed\u017ee uveden\u00fdch \u00fadaj\u016f.<\/p>\t\t\t\t\t\t\t\t<\/div>\n\t\t<div class=\"elementor-element elementor-element-02f84cf e-flex e-con-boxed e-con e-child\" data-id=\"02f84cf\" data-element_type=\"container\">\n\t\t\t\t\t<div class=\"e-con-inner\">\n\t\t\t\t<div class=\"elementor-element elementor-element-9c41806 elementor-widget elementor-widget-button\" data-id=\"9c41806\" data-element_type=\"widget\" data-widget_type=\"button.default\">\n\t\t\t\t\t\t\t\t\t\t<a class=\"elementor-button elementor-button-link elementor-size-sm\" href=\"tel:+420608608492\">\n\t\t\t\t\t\t<span class=\"elementor-button-content-wrapper\">\n\t\t\t\t\t\t\t\t\t<span class=\"elementor-button-text\">Zavolat<\/span>\n\t\t\t\t\t<\/span>\n\t\t\t\t\t<\/a>\n\t\t\t\t\t\t\t\t<\/div>\n\t\t\t\t<div class=\"elementor-element elementor-element-8fef853 elementor-widget elementor-widget-button\" data-id=\"8fef853\" data-element_type=\"widget\" data-widget_type=\"button.default\">\n\t\t\t\t\t\t\t\t\t\t<a class=\"elementor-button elementor-button-link elementor-size-sm\" href=\"mailto:reality@michalkolek.cz?subject=Dotaz%20z%20webu\">\n\t\t\t\t\t\t<span class=\"elementor-button-content-wrapper\">\n\t\t\t\t\t\t\t\t\t<span class=\"elementor-button-text\">Napsat e-mail<\/span>\n\t\t\t\t\t<\/span>\n\t\t\t\t\t<\/a>\n\t\t\t\t\t\t\t\t<\/div>\n\t\t\t\t\t<\/div>\n\t\t\t\t<\/div>\n\t\t\t\t<\/div>\n\t\t\t\t<\/div>\n\t\t","protected":false},"excerpt":{"rendered":"<p>Michal Kolek \u2013 Realitn\u00ed slu\u017eby Na obsahu webov\u00fdch str\u00e1nek aktu\u00e1ln\u011b pracuji.V p\u0159\u00edpad\u011b z\u00e1jmu o prodej, pron\u00e1jem nebo konzultaci v oblasti nemovitost\u00ed m\u011b pros\u00edm kontaktujte prost\u0159ednictv\u00edm n\u00ed\u017ee uveden\u00fdch \u00fadaj\u016f. Zavolat Napsat e-mail<\/p>\n","protected":false},"author":1,"featured_media":0,"parent":0,"menu_order":0,"comment_status":"closed","ping_status":"closed","template":"elementor_canvas","meta":{"footnotes":""},"class_list":["post-53","page","type-page","status-publish","hentry"],"_links":{"self":[{"href":"https:\/\/www.michalkolek.cz\/index.php?rest_route=\/wp\/v2\/pages\/53","targetHints":{"allow":["GET"]}}],"collection":[{"href":"https:\/\/www.michalkolek.cz\/index.php?rest_route=\/wp\/v2\/pages"}],"about":[{"href":"https:\/\/www.michalkolek.cz\/index.php?rest_route=\/wp\/v2\/types\/page"}],"author":[{"embeddable":true,"href":"https:\/\/www.michalkolek.cz\/index.php?rest_route=\/wp\/v2\/users\/1"}],"replies":[{"embeddable":true,"href":"https:\/\/www.michalkolek.cz\/index.php?rest_route=%2Fwp%2Fv2%2Fcomments&post=53"}],"version-history":[{"count":12,"href":"https:\/\/www.michalkolek.cz\/index.php?rest_route=\/wp\/v2\/pages\/53\/revisions"}],"predecessor-version":[{"id":94,"href":"https:\/\/www.michalkolek.cz\/index.php?rest_route=\/wp\/v2\/pages\/53\/revisions\/94"}],"wp:attachment":[{"href":"https:\/\/www.michalkolek.cz\/index.php?rest_route=%2Fwp%2Fv2%2Fmedia&parent=53"}],"curies":[{"name":"wp","href":"https:\/\/api.w.org\/{rel}","templated":true}]}}